its digit of (-434)/x - 4/6?
0
Let r(a) = 11*a - 7. Let c be r(1). Let w(j) = -j**2 - 4*j + 5. Let k be w(-5). Suppose -5*i + 21 = p, -i - c + 0 = k. What is the tens digit of p?
4
Let s be 9 + (6/3)/1. Let p(q) = q**3 - 10*q**2 - 9*q - 17. Let i be p(s). Suppose 0 - i = -w. What is the units digit of w?
5
Let p(j) = 13 - 1500*j**2 + 3*j - 9*j + 1499*j**2 + 10*j**3. What is the tens digit of p(3)?
5
Suppose 2*w = 4*b, -2*w + b = -3*w + 6. Let j(n) = 58*n - 16. What is the units digit of j(w)?
6
What is the units digit of (7 - (-44)/(-3))*-33?
3
Let y = -10980 - -15382. What is the tens digit of y?
0
Let y = 32 + -28. Suppose -11*l - 14 = -y*l. What is the tens digit of (-5)/(-10) + (-83)/l?
4
Let x(z) = -52*z - 10. What is the tens digit of x(-8)?
0
Let g be ((-42)/(-15))/(4/40). Let h = -12 + g. Let x = 22 + h. What is the units digit of x?
8
Let m(t) = -8*t**3 - 2*t + 1. Let l be m(1). Let u(w) = -w**2 + 2*w + 85. Let a be u(-7). Let h = l + a. What is the units digit of h?
3
Let k be -4 - (2/2)/((-2)/8). Suppose 0 = -3*f + 12 + 3, t - f + 3 = k. What is the units digit of t?
2
Let z(j) = 5*j**2 - 12*j + 13. What is the tens digit of z(-10)?
3
Let v(j) = -113*j + 78. Let t be v(-9). Suppose 5*r = -0*r + t. What is the units digit of r?
9
Let b(k) = -k**3 - k + 6. Let i be b(0). Let m = -17 + 28. Suppose i*v = m*v - 70. What is the tens digit of v?
1
Let h = 4 - 7. Let n be -16*(h/(-1) - 7). Suppose n = -0*v + 4*v. What is the tens digit of v?
1
Let a = -93 + 227. What is the units digit of a?
4
Suppose -307 - 374 = -3*l. What is the units digit of l?
7
Let f(y) be the second derivative of y**4/12 + 7*y**3/6 + 9*y**2/2 - 8*y. Let v(o) = -o - 15. Let x be v(-7). What is the tens digit of f(x)?
1
Suppose 3*x - 3*b - b = 83, 0 = 2*b - 2. Suppose -8 = t - h - x, 0 = 5*h + 5. Suppose f - 10 = -c + 2, c - t = -2*f. What is the units digit of f?
8
Let w(u) be the first derivative of -u**4/4 - 14*u**3/3 - u**2/2 - 5*u + 6. Suppose 0 = -2*t - 21 - 7. What is the units digit of w(t)?
9
Let l(y) = 8*y**2 - 3*y + 2. Let z be l(1). Suppose 4*t = 2*c - z*c - 73, 5*t + c = -86. Let g(w) = -w - 4. What is the tens digit of g(t)?
1
Let o = 353 - 195. What is the hundreds digit of o?
1
Let x be (-134)/(-11) + 18/(-99). Suppose 13*m - 9*m = x. What is the units digit of m?
3
Let y = 136 - 20. Suppose 2*f - 5*z = 6 - 86, 3*f - z = -146. Let w = f + y. What is the units digit of w?
6
Let l be -4 + 16/2 + 0. Suppose l*s - 3 = s. What is the tens digit of 31 + -12 + s*4?
2
Suppose -u - 2*c + 4 = 0, -c = 4*u + 4*c - 16. Suppose -5*s - 51 = -u*s. Let t = -1 - s. What is the units digit of t?
0
Suppose 12*w + 50 + 262 = 0. Let g = w + 67. What is the tens digit of g?
4
Let d = -79 - -214. Suppose 5*u = 13*u - 16. Suppose 7*b = u*b + d. What is the tens digit of b?
2
Let z(l) = 2*l**2 + 8*l - 2. Let r(b) = -5*b**2 - 17*b + 5. Let t(y) = -3*r(y) - 7*z(y). What is the tens digit of t(15)?
4
What is the units digit of 109*(2 - -4 - 3)?
7
Let i(l) = -3*l - 41. Let p(r) = r**3 + 9*r**2 + 19*r + 12. Let u be p(-7). What is the units digit of i(u)?
8
Let f(u) be the first derivative of -u**4/4 + 2*u**3 + 3*u**2/2 + 7*u + 8. What is the tens digit of f(6)?
2
Let v = -766 + 3524. What is the thousands digit of v?
2
Suppose 0 = c - 3*x + 7, 5*c - 19 = -0*c - 3*x. Suppose -c*r + 36 = 2*r. Let j(w) = w**2 - 5*w - 1. What is the tens digit of j(r)?
3
Let y(c) = c**2 - 5*c - 6. Let h be y(5). What is the units digit of h/(-21) - 500/(-14)?
6
Suppose 4*t = 4*h + 22200, -4*h - 10959 - 16792 = -5*t. What is the units digit of t?
1
Suppose -5*g + 5*r + 2830 = -0*g, 0 = 3*g + 4*r - 1712. What is the hundreds digit of g?
5
Let o = 6 - 2. Let y be -2*(0 + (3 - o)). Suppose m - 38 = -4*f, -m + 37 = f + y*f. What is the units digit of m?
4
Let j(q) = -2*q - 7 + 2*q - q + 2. Let b be j(0). Let a = 28 + b. What is the tens digit of a?
2
Let g(h) = -2*h**2 + 16*h - 4. Suppose 2*n - 9 = 7. Let b be g(n). What is the units digit of 9/(-12) + (-183)/b?
5
Let t = 30 - 26. Let v = 31 - t. What is the units digit of v?
7
Let u(n) = n**2 + 4*n + 4. What is the tens digit of u(-12)?
0
What is the hundreds digit of (41 + -1751)/((-9)/6)?
1
Let r(g) = 40*g**2 - 15*g + 2. What is the tens digit of r(3)?
1
Let u(j) = -j**3 + 13*j**2 - 2*j - 16. Let o be u(13). Let m = -46 - 45. Let k = o - m. What is the units digit of k?
9
Let t = -1546 + 3971. What is the hundreds digit of t?
4
Let z = -198 - -790. What is the tens digit of z?
9
Let m(z) = -4 + 3*z**2 - 6*z**2 + 3 + 2. Let w be m(1). What is the units digit of 13*3 - (w + 2)?
9
Suppose -3*z + 4455 = -4*r, -5*z + 12*r = 9*r - 7425. What is the units digit of z?
5
Suppose -255 = 5*r + 4*t, -r - 255 = 4*r - 5*t. Let v = 93 + r. What is the tens digit of v?
4
Suppose -2803 = -12*i + 2093. What is the tens digit of i?
0
What is the thousands digit of (-6)/(-75) + 1136148/650?
1
Suppose -14*c + 12011 = -5573. What is the units digit of c?
6
Let m = 35 + -93. Let k = m - -196. What is the hundreds digit of k?
1
Suppose 2*w + 28 = 4*j, -2*w + 0*w - 7 = -j. Suppose -j*c + 24 = -3*c. What is the units digit of c?
6
Suppose 1640 - 7964 = -17*n. What is the units digit of n?
2
Suppose -q + 0*j - j + 12 = 0, 5 = 5*j. Let f = 13 - q. Suppose 4*x - f*r = 5*x - 3, -21 = -4*x - 5*r. What is the units digit of x?
9
Let h be (-1896)/(-30) + 36/(-30). Suppose -2*n - 79 = 9. Let m = n + h. What is the tens digit of m?
1
Suppose -15*o - 304 = -5524. What is the units digit of o?
8
Suppose 5*p + 164 = 9*p. Suppose 0 = 3*w - h - 25, p = 3*w + h - 6*h. Let d = w + 7. What is the tens digit of d?
1
Suppose 2 = -4*l + 10. Let c = l + 4. What is the units digit of c?
6
What is the thousands digit of (6*316/30)/((-4)/(-110))?
1
Let l = 607 + -310. What is the tens digit of (-16)/40 - l/(-5)?
5
Let q(z) = 2*z + 5*z + 10*z - 16. Suppose v + 4*w + 4 = 0, w + 4 = 2. What is the units digit of q(v)?
2
Let d(y) = -2*y**3 - y**2 - 4*y + 20. Let j be d(-6). Suppose -4*g + u = -j, 2*g + u = g + 115. What is the units digit of g?
1
Let l be -1*((11 - 0) + -4). Let d = 19 - l. What is the tens digit of d?
2
Suppose -d - 2 - 1 = 0, i + 3*d = -9. Suppose 0 = 3*f - r - i*r - 10, -4*r = 4. What is the units digit of 19 + f - 6/3?
0
Suppose 5*d - 109 - 116 = 0. What is the units digit of d?
5
Suppose -20011 = -27*r - 6457. What is the tens digit of r?
0
Let k = -36 + 9. Let f = k - -58. What is the tens digit of f?
3
Let u(j) = -j - 13*j - 10*j + 6*j - 20 + j**2. What is the tens digit of u(22)?
6
Let s be 707/5 - (1 + (-40)/25). Suppose s = 6*k - 440. What is the tens digit of k?
9
Let a(d) = -d**2 + 11*d + 17. Let b be a(12). Suppose -b*s + 2*q + 335 = -3*q, 2*q = -s + 70. What is the units digit of s?
8
Let m = -13 + 11. Let t be (2/m)/(-1) - -91. Suppose -4*b + 5*i = -19, -5*b + t - 17 = 4*i. What is the tens digit of b?
1
Let a(l) = -l**2 - 122*l - 309. What is the hundreds digit of a(-58)?
4
Suppose -2*c - 3675 = -3*o - 5*c, 2*o - 2441 = -5*c. What is the thousands digit of o?
1
Suppose -4*s + 2*k - 10 = 0, -s - 2*k = -1 - 9. Suppose 135 = -s*o + 3*o. What is the tens digit of o - (3 + -3)/2?
4
Suppose -8 - 32 = -8*q. Let i be (-3)/(-3 - (-12)/q). Suppose -4*v - 2*f + 92 = -6*f, -5*f + i = v. What is the tens digit of v?
2
Let z(j) = j + 42. Let u be 2/(-6)*-1*0. What is the tens digit of z(u)?
4
Let q = 64 + 310. Suppose q = 5*u + i, 3*u - 2*u - 77 = 2*i. What is the units digit of u?
5
Let g(a) = 10*a. Suppose -5*k + 2 = -3. Let q be g(k). Let p = 11 + q. What is the units digit of p?
1
Let q(k) = -1 + 5*k - 3*k - 128*k**2 + 0 - 1. Let d be q(1). Let u = d - -204. What is the units digit of u?
6
Suppose 4*l + 219 = 7*l. Let b = l - 23. What is the tens digit of b?
5
Suppose 0*p - 3*p + 3*z = -6165, -4*p = -2*z - 8228. What is the thousands digit of p?
2
Let l(y) = 1246*y**2 - 7*y + 7. What is the thousands digit of l(1)?
1
Let c be (-38)/(-14) + (-4)/(-14). Suppose 20 = -5*w, -4*x - 75 = -7*x + c*w. What is the units digit of 3/(x/2)*7?
2
Let u = -62 + 578. What is the tens digit of u?
1
Suppose 20 = 3*s - 22. What is the hundreds digit of 873/5 + s/35?
1
Suppose -5*q + 125 = -5*l, -3*l + q - 47 = -l. Let s = l + 58. Suppose 0 = -5*b + a + s, -4*b - 3 = -4*a - 19. What is the units dig